{"id":16,"date":"2024-01-27T10:57:43","date_gmt":"2024-01-27T10:57:43","guid":{"rendered":"https:\/\/psimistrzowie.dogmatybeaty.pl\/?page_id=16"},"modified":"2024-02-04T09:44:50","modified_gmt":"2024-02-04T09:44:50","slug":"wszystkie-kursy","status":"publish","type":"page","link":"https:\/\/psimistrzowie.dogmatybeaty.pl\/","title":{"rendered":"Wszystkie kursy"},"content":{"rendered":"        <div class=\"widok\">\n            <div class=\"contenter\">\n                <p>Widok<\/p>\n                <div id=\"kwadrat\" class=\"opcje_widoku active\"><i class=\"fa fa-th-large\"><\/i><\/div>\n                <div id=\"prostokat\" class=\"opcje_widoku \"><i class=\"fa fa-th\"><\/i><\/div>\n                <div id=\"lista\" class=\"opcje_widoku\"><i class=\"fa fa-th-list\"><\/i><\/div>\n            <\/div>\n        <\/div>\n\n        <div class=\"glowna_boxy edd_download_columns_3\"\n             data-default-view=\"grid\"\n            data-gtm data-gtm-event='productImpressions' data-gtm-action='impressions' data-gtm-method='viewport' data-gtm-currency-code='PLN' data-gtm-action-field='' data-gtm-product-count='1'  data-gtm-product-id[0]='277' data-gtm-product-name[0]='Emocje u ps\u00f3w - Jak wp\u0142ywa\u0107 na zachowanie psa? - ' data-gtm-product-price[0]='99' data-gtm-product-brand[0]='psimistrzowie.dogmatybeaty.pl' data-gtm-product-category[0]='' data-gtm-product-variant[0]='1' data-gtm-product-has-variants[0]='1' data-gtm-product-position[0]='1' data-gtm-product-list[0]='Home'  >\n            <div class=\"row\">\n                                                        <div class=\"col-sm-12 box-wrapper\"\n                         id=\"edd_download_277\">\n                        <div class=\"box\">\n                                                        <div class=\"glowna_box_zdjecie col-sm-4\">\n                                <a href=\"https:\/\/psimistrzowie.dogmatybeaty.pl\/?download=emocje-u-psow-jak-wplywac-na-zachowanie-psa-kopia\" title=\"Emocje u ps\u00f3w &#8211; Jak wp\u0142ywa\u0107 na zachowanie psa?\"\n                                    data-gtm data-gtm-event='productClick' data-gtm-action='click' data-gtm-method='click' data-gtm-currency-code='PLN' data-gtm-action-field='{\"list\":\"Home\"}' data-gtm-product-count='1'  data-gtm-product-id[0]='277' data-gtm-product-name[0]='Emocje u ps\u00f3w - Jak wp\u0142ywa\u0107 na zachowanie psa? - ' data-gtm-product-price[0]='99' data-gtm-product-brand[0]='psimistrzowie.dogmatybeaty.pl' data-gtm-product-category[0]='' data-gtm-product-variant[0]='1' data-gtm-product-has-variants[0]='1' data-gtm-product-position[0]='1'                                    class=\"thumb\">\n                                                                            <img loading=\"lazy\" decoding=\"async\" width=\"1280\" height=\"720\" src=\"https:\/\/psimistrzowie.dogmatybeaty.pl\/wp-content\/uploads\/2024\/02\/Osobisty-Vlog-Youtube-Miniaturka-1-1.png\" class=\"attachment-post-thumbnail size-post-thumbnail wp-post-image\" alt=\"\" srcset=\"https:\/\/psimistrzowie.dogmatybeaty.pl\/wp-content\/uploads\/2024\/02\/Osobisty-Vlog-Youtube-Miniaturka-1-1.png 1280w, https:\/\/psimistrzowie.dogmatybeaty.pl\/wp-content\/uploads\/2024\/02\/Osobisty-Vlog-Youtube-Miniaturka-1-1-300x169.png 300w, https:\/\/psimistrzowie.dogmatybeaty.pl\/wp-content\/uploads\/2024\/02\/Osobisty-Vlog-Youtube-Miniaturka-1-1-1024x576.png 1024w, https:\/\/psimistrzowie.dogmatybeaty.pl\/wp-content\/uploads\/2024\/02\/Osobisty-Vlog-Youtube-Miniaturka-1-1-768x432.png 768w\" sizes=\"auto, (max-width: 1280px) 100vw, 1280px\" \/>                                                                    <\/a>\n                            <\/div>\n                                                        <div class=\"col-sm-5 glowna_box_product_details\">\n                                \n<div class=\"box_glowna_tytul\">\n    <a href=\"https:\/\/psimistrzowie.dogmatybeaty.pl\/?download=emocje-u-psow-jak-wplywac-na-zachowanie-psa-kopia\" data-gtm data-gtm-event='productClick' data-gtm-action='click' data-gtm-method='click' data-gtm-currency-code='PLN' data-gtm-action-field='{\"list\":\"Home\"}' data-gtm-product-count='1'  data-gtm-product-id[0]='277' data-gtm-product-name[0]='Emocje u ps\u00f3w - Jak wp\u0142ywa\u0107 na zachowanie psa? - ' data-gtm-product-price[0]='99' data-gtm-product-brand[0]='psimistrzowie.dogmatybeaty.pl' data-gtm-product-category[0]='' data-gtm-product-variant[0]='1' data-gtm-product-has-variants[0]='1' data-gtm-product-position[0]='1' >\n      <h2>\n         Emocje u ps\u00f3w &#8211; Jak wp\u0142ywa\u0107 na zachowanie psa?      <\/h2>\n    <\/a>\n<\/div>\n\n                                <div class=\"box_glowna_kategorie_wrapper\"><\/div>\n                                \n\t<div class=\"box_glowna_opis edd_download_excerpt\">\n\t\t<p>Kurs przygl\u0105da si\u0119 jak emocje wp\u0142ywaj\u0105 na zachowanie ps\u00f3w. \u201eEmocje u ps\u00f3w - Jak wp\u0142ywa\u0107 na zachowanie psa\u201d to praktyczne podej\u015bcie do zrozumienia, dlaczego psy wykazuj\u0105 okre\u015blone reakcje.<\/p>\n\t<\/div>\n\n                            <\/div>\n\n\n                                <div class=\"col-sm-3\n    warianty    \">\n        <form class=\"edd_download_purchase_form edd_purchase_277 \"\n\n                            method=\"post\">\n                    <div class=\"box_glowna_wariant\">\n            \n                <div>\n                                    <\/div>\n                        <select name=\"edd_options[price_id]\" title=\"Wybierz wariant\" style=\"display: none;\">\n                                    <option id=\"edd_price_option_277_\"\n                        data-gtm data-gtm-event='viewProductVariant' data-gtm-action='view' data-gtm-method='only_view' data-gtm-currency-code='PLN' data-gtm-action-field='' data-gtm-product-count='1'  data-gtm-product-id[0]='277' data-gtm-product-name[0]='Emocje u ps\u00f3w - Jak wp\u0142ywa\u0107 na zachowanie psa? - ' data-gtm-product-price[0]='99' data-gtm-product-brand[0]='psimistrzowie.dogmatybeaty.pl' data-gtm-product-category[0]='' data-gtm-product-variant[0]='1' data-gtm-product-has-variants[0]='1' data-gtm-product-quantity[0]='1'                             value=\"1\"\n                         selected='selected'                    >\n                         (99.00 PLN)<\/option>            <\/select>\n            <input type=\"hidden\" name=\"\" class=\"edd_price_option_277\"\n                   value=\"1\"\/>\n        <\/div><!--end .edd_price_options-->\n                                    <div class=\"glowna_box_cena\">\n                                <p class=\"glowna_box_cena_cena\">99.00<\/p>\n                <p class=\"glowna_box_cena_waluta\">PLN<\/p>\n            <\/div>\n            \n                    <div class=\"edd_purchase_submit_wrapper box_glowna_add_to_cart\">\n                                                    <a href=\"#\" data-gtm data-gtm-event='addToCart' data-gtm-action='add' data-gtm-method='click' data-gtm-currency-code='PLN' data-gtm-action-field='' data-gtm-product-count='1'  data-gtm-product-id[0]='277' data-gtm-product-name[0]='Emocje u ps\u00f3w - Jak wp\u0142ywa\u0107 na zachowanie psa? - ' data-gtm-product-price[0]='99' data-gtm-product-brand[0]='psimistrzowie.dogmatybeaty.pl' data-gtm-product-category[0]='' data-gtm-product-variant[0]='1' data-gtm-product-has-variants[0]='1' data-gtm-product-quantity[0]='1'                                class=\"edd-add-to-cart\"                               data-action=\"edd_add_to_cart\" data-download-id=\"277\"  data-variable-price=\"yes\" data-price-mode=single >\n                            <span class=\"edd-add-to-cart-label\">\n                                <i class=\"icon-cart\"><\/i>Zam\u00f3w\n                            <\/span>\n                            <span class=\"edd-loading\"><i class=\"icon-hourglass icon-spin\"><\/i><\/span><\/a><button type=\"submit\"  class=\"edd-add-to-cart edd-no-js \" name=\"edd_purchase_download\" data-action=\"edd_add_to_cart\" data-download-id=\"277\"  data-variable-price=\"yes\" data-price-mode=single >Zam\u00f3w<\/button><a href=\"https:\/\/psimistrzowie.dogmatybeaty.pl\/?page_id=8\" class=\"edd_go_to_checkout\" style=\"display:none;\">Przejd\u017a do kasy<\/a>\n                                                    <span class=\"edd-cart-ajax-alert\" aria-live=\"assertive\">\n                                <span class=\"edd-cart-added-alert\" style=\"display: none;\">\n                                    <i class=\"edd-icon-ok\" aria-hidden=\"true\"><\/i> Dodano do koszyka                                <\/span>\n                            <\/span>\n                                            <\/div><!--end .edd_purchase_submit_wrapper-->\n\n                    <input type=\"hidden\" name=\"prod$product_id\"\n                            value=\"277\">\n                                        <input type=\"hidden\" name=\"edd_action\" class=\"edd_action_input\"\n                            value=\"add_to_cart\">\n\n                    \n                    \n                        <\/form>\n    <\/div>\n\n\n                        <\/div>\n                    <\/div>\n                    \n                \n\n            <\/div>\n        <\/div>\n        \n            \n            \n                \n","protected":false},"excerpt":{"rendered":"","protected":false},"author":1,"featured_media":0,"parent":0,"menu_order":0,"comment_status":"closed","ping_status":"closed","template":"","meta":{"footnotes":""},"class_list":["post-16","page","type-page","status-publish","hentry"],"blocksy_meta":[],"_links":{"self":[{"href":"https:\/\/psimistrzowie.dogmatybeaty.pl\/index.php?rest_route=\/wp\/v2\/pages\/16","targetHints":{"allow":["GET"]}}],"collection":[{"href":"https:\/\/psimistrzowie.dogmatybeaty.pl\/index.php?rest_route=\/wp\/v2\/pages"}],"about":[{"href":"https:\/\/psimistrzowie.dogmatybeaty.pl\/index.php?rest_route=\/wp\/v2\/types\/page"}],"author":[{"embeddable":true,"href":"https:\/\/psimistrzowie.dogmatybeaty.pl\/index.php?rest_route=\/wp\/v2\/users\/1"}],"replies":[{"embeddable":true,"href":"https:\/\/psimistrzowie.dogmatybeaty.pl\/index.php?rest_route=%2Fwp%2Fv2%2Fcomments&post=16"}],"version-history":[{"count":1,"href":"https:\/\/psimistrzowie.dogmatybeaty.pl\/index.php?rest_route=\/wp\/v2\/pages\/16\/revisions"}],"predecessor-version":[{"id":164,"href":"https:\/\/psimistrzowie.dogmatybeaty.pl\/index.php?rest_route=\/wp\/v2\/pages\/16\/revisions\/164"}],"wp:attachment":[{"href":"https:\/\/psimistrzowie.dogmatybeaty.pl\/index.php?rest_route=%2Fwp%2Fv2%2Fmedia&parent=16"}],"curies":[{"name":"wp","href":"https:\/\/api.w.org\/{rel}","templated":true}]}}